{"id":3372,"date":"2026-02-22T07:29:06","date_gmt":"2026-02-22T07:29:06","guid":{"rendered":"https:\/\/www.nargourmet.hu\/?post_type=product&#038;p=3372"},"modified":"2026-04-30T13:26:39","modified_gmt":"2026-04-30T13:26:39","slug":"mezek-konyvek-torok-gasztro-irodalmi-este","status":"publish","type":"product","link":"https:\/\/www.nargourmet.hu\/en\/product\/mezek-konyvek-torok-gasztro-irodalmi-este\/","title":{"rendered":"Mez\u00e9k &#038; k\u00f6nyvek \u2014 T\u00f6r\u00f6k gasztro-irodalmi este Vol.3"},"content":{"rendered":"","protected":false},"excerpt":{"rendered":"<p>A Mez\u00e9k &amp; K\u00f6nyvek esem\u00e9nyen az irodalom \u00e9s gasztron\u00f3mia tal\u00e1lkozik: az est sor\u00e1n a Elif Shafak: Foly\u00f3k vannak az \u00e9gben c\u00edm\u0171 k\u00f6nyv\u00e9ben szerepl\u0151 \u00e9telekb\u0151l \u00f6ssze\u00e1ll\u00edtott men\u00fc v\u00e1r majd, mik\u00f6zben Nagy Marietta \u00e9s Sipos Kata m\u0171ford\u00edt\u00f3kkal besz\u00e9lgetek a k\u00f6nyvr\u0151l \u00e9s jelenlegi d\u00e9lkelet-t\u00f6r\u00f6korsz\u00e1gi r\u00e9gi\u00f3 multikultur\u00e1lis gasztron\u00f3miai \u00f6r\u00f6ks\u00e9g\u00e9r\u0151l.<\/p>\n<p>Id\u0151pont: 2026.05.21., 18:00<\/p>\n<p>Helysz\u00edn: Mad Dog Hang\u00e1r<\/p>\n<p>B\u0151vebb inform\u00e1ci\u00f3: <a href=\"https:\/\/www.facebook.com\/events\/966246982595938\">www.facebook.com\/nargourmet.hu\/events<\/a><\/p>","protected":false},"featured_media":3537,"template":"","meta":{"_acf_changed":false},"product_brand":[],"product_cat":[495],"product_tag":[],"class_list":{"0":"post-3372","1":"product","2":"type-product","3":"status-publish","4":"has-post-thumbnail","6":"product_cat-esemeny","8":"first","9":"instock","10":"virtual","11":"purchasable","12":"product-type-simple"},"acf":[],"yoast_head":"<!-- This site is optimized with the Yoast SEO plugin v27.5 - https:\/\/yoast.com\/product\/yoast-seo-wordpress\/ -->\n<title>Mez\u00e9k &amp; k\u00f6nyvek \u2014 T\u00f6r\u00f6k gasztro-irodalmi este Vol.3 - Nar Gourmet<\/title>\n<meta name=\"robots\" content=\"index, follow, max-snippet:-1, max-image-preview:large, max-video-preview:-1\" \/>\n<link rel=\"canonical\" href=\"https:\/\/www.nargourmet.hu\/en\/product\/mezek-konyvek-torok-gasztro-irodalmi-este\/\" \/>\n<meta property=\"og:locale\" content=\"en_GB\" \/>\n<meta property=\"og:type\" content=\"article\" \/>\n<meta property=\"og:title\" content=\"Mez\u00e9k &amp; k\u00f6nyvek \u2014 T\u00f6r\u00f6k gasztro-irodalmi este Vol.3 - Nar Gourmet\" \/>\n<meta property=\"og:description\" content=\"A Mez\u00e9k &amp; K\u00f6nyvek esem\u00e9nyen az irodalom \u00e9s gasztron\u00f3mia tal\u00e1lkozik: az est sor\u00e1n a Elif Shafak: Foly\u00f3k vannak az \u00e9gben c\u00edm\u0171 k\u00f6nyv\u00e9ben szerepl\u0151 \u00e9telekb\u0151l \u00f6ssze\u00e1ll\u00edtott men\u00fc v\u00e1r majd, mik\u00f6zben Nagy Marietta \u00e9s Sipos Kata m\u0171ford\u00edt\u00f3kkal besz\u00e9lgetek a k\u00f6nyvr\u0151l \u00e9s jelenlegi d\u00e9lkelet-t\u00f6r\u00f6korsz\u00e1gi r\u00e9gi\u00f3 multikultur\u00e1lis gasztron\u00f3miai \u00f6r\u00f6ks\u00e9g\u00e9r\u0151l.  Id\u0151pont: 2026.05.21., 18:00  Helysz\u00edn: Mad Dog Hang\u00e1r  B\u0151vebb inform\u00e1ci\u00f3: www.facebook.com\/nargourmet.hu\/events\" \/>\n<meta property=\"og:url\" content=\"https:\/\/www.nargourmet.hu\/en\/product\/mezek-konyvek-torok-gasztro-irodalmi-este\/\" \/>\n<meta property=\"og:site_name\" content=\"Nar Gourmet\" \/>\n<meta property=\"article:modified_time\" content=\"2026-04-30T13:26:39+00:00\" \/>\n<meta property=\"og:image\" content=\"https:\/\/www.nargourmet.hu\/wp-content\/uploads\/2026\/02\/Brown-and-White-Simple-Book-Club-Instagram-Post-1.jpg\" \/>\n\t<meta property=\"og:image:width\" content=\"1080\" \/>\n\t<meta property=\"og:image:height\" content=\"1350\" \/>\n\t<meta property=\"og:image:type\" content=\"image\/jpeg\" \/>\n<meta name=\"twitter:card\" content=\"summary_large_image\" \/>\n<script type=\"application\/ld+json\" class=\"yoast-schema-graph\">{\"@context\":\"https:\\\/\\\/schema.org\",\"@graph\":[{\"@type\":\"WebPage\",\"@id\":\"https:\\\/\\\/www.nargourmet.hu\\\/product\\\/mezek-konyvek-torok-gasztro-irodalmi-este\\\/\",\"url\":\"https:\\\/\\\/www.nargourmet.hu\\\/product\\\/mezek-konyvek-torok-gasztro-irodalmi-este\\\/\",\"name\":\"Mez\u00e9k & k\u00f6nyvek \u2014 T\u00f6r\u00f6k gasztro-irodalmi este Vol.3 - Nar Gourmet\",\"isPartOf\":{\"@id\":\"https:\\\/\\\/www.nargourmet.hu\\\/#website\"},\"primaryImageOfPage\":{\"@id\":\"https:\\\/\\\/www.nargourmet.hu\\\/product\\\/mezek-konyvek-torok-gasztro-irodalmi-este\\\/#primaryimage\"},\"image\":{\"@id\":\"https:\\\/\\\/www.nargourmet.hu\\\/product\\\/mezek-konyvek-torok-gasztro-irodalmi-este\\\/#primaryimage\"},\"thumbnailUrl\":\"https:\\\/\\\/www.nargourmet.hu\\\/wp-content\\\/uploads\\\/2026\\\/02\\\/Brown-and-White-Simple-Book-Club-Instagram-Post-1.jpg\",\"datePublished\":\"2026-02-22T07:29:06+00:00\",\"dateModified\":\"2026-04-30T13:26:39+00:00\",\"breadcrumb\":{\"@id\":\"https:\\\/\\\/www.nargourmet.hu\\\/product\\\/mezek-konyvek-torok-gasztro-irodalmi-este\\\/#breadcrumb\"},\"inLanguage\":\"en-GB\",\"potentialAction\":[{\"@type\":\"ReadAction\",\"target\":[\"https:\\\/\\\/www.nargourmet.hu\\\/product\\\/mezek-konyvek-torok-gasztro-irodalmi-este\\\/\"]}]},{\"@type\":\"ImageObject\",\"inLanguage\":\"en-GB\",\"@id\":\"https:\\\/\\\/www.nargourmet.hu\\\/product\\\/mezek-konyvek-torok-gasztro-irodalmi-este\\\/#primaryimage\",\"url\":\"https:\\\/\\\/www.nargourmet.hu\\\/wp-content\\\/uploads\\\/2026\\\/02\\\/Brown-and-White-Simple-Book-Club-Instagram-Post-1.jpg\",\"contentUrl\":\"https:\\\/\\\/www.nargourmet.hu\\\/wp-content\\\/uploads\\\/2026\\\/02\\\/Brown-and-White-Simple-Book-Club-Instagram-Post-1.jpg\",\"width\":1080,\"height\":1350},{\"@type\":\"BreadcrumbList\",\"@id\":\"https:\\\/\\\/www.nargourmet.hu\\\/product\\\/mezek-konyvek-torok-gasztro-irodalmi-este\\\/#breadcrumb\",\"itemListElement\":[{\"@type\":\"ListItem\",\"position\":1,\"name\":\"Home\",\"item\":\"https:\\\/\\\/www.nargourmet.hu\\\/\"},{\"@type\":\"ListItem\",\"position\":2,\"name\":\"Products\",\"item\":\"https:\\\/\\\/www.nargourmet.hu\\\/en\\\/shop\\\/\"},{\"@type\":\"ListItem\",\"position\":3,\"name\":\"Mez\u00e9k &#038; k\u00f6nyvek \u2014 T\u00f6r\u00f6k gasztro-irodalmi este Vol.3\"}]},{\"@type\":\"WebSite\",\"@id\":\"https:\\\/\\\/www.nargourmet.hu\\\/#website\",\"url\":\"https:\\\/\\\/www.nargourmet.hu\\\/\",\"name\":\"Nar Gourmet\",\"description\":\"T\u00f6r\u00f6k gasztron\u00f3mia\",\"potentialAction\":[{\"@type\":\"SearchAction\",\"target\":{\"@type\":\"EntryPoint\",\"urlTemplate\":\"https:\\\/\\\/www.nargourmet.hu\\\/?s={search_term_string}\"},\"query-input\":{\"@type\":\"PropertyValueSpecification\",\"valueRequired\":true,\"valueName\":\"search_term_string\"}}],\"inLanguage\":\"en-GB\"}]}<\/script>\n<!-- \/ Yoast SEO plugin. -->","yoast_head_json":{"title":"Mez\u00e9k & k\u00f6nyvek \u2014 T\u00f6r\u00f6k gasztro-irodalmi este Vol.3 - Nar Gourmet","robots":{"index":"index","follow":"follow","max-snippet":"max-snippet:-1","max-image-preview":"max-image-preview:large","max-video-preview":"max-video-preview:-1"},"canonical":"https:\/\/www.nargourmet.hu\/en\/product\/mezek-konyvek-torok-gasztro-irodalmi-este\/","og_locale":"en_GB","og_type":"article","og_title":"Mez\u00e9k & k\u00f6nyvek \u2014 T\u00f6r\u00f6k gasztro-irodalmi este Vol.3 - Nar Gourmet","og_description":"A Mez\u00e9k &amp; K\u00f6nyvek esem\u00e9nyen az irodalom \u00e9s gasztron\u00f3mia tal\u00e1lkozik: az est sor\u00e1n a Elif Shafak: Foly\u00f3k vannak az \u00e9gben c\u00edm\u0171 k\u00f6nyv\u00e9ben szerepl\u0151 \u00e9telekb\u0151l \u00f6ssze\u00e1ll\u00edtott men\u00fc v\u00e1r majd, mik\u00f6zben Nagy Marietta \u00e9s Sipos Kata m\u0171ford\u00edt\u00f3kkal besz\u00e9lgetek a k\u00f6nyvr\u0151l \u00e9s jelenlegi d\u00e9lkelet-t\u00f6r\u00f6korsz\u00e1gi r\u00e9gi\u00f3 multikultur\u00e1lis gasztron\u00f3miai \u00f6r\u00f6ks\u00e9g\u00e9r\u0151l.  Id\u0151pont: 2026.05.21., 18:00  Helysz\u00edn: Mad Dog Hang\u00e1r  B\u0151vebb inform\u00e1ci\u00f3: www.facebook.com\/nargourmet.hu\/events","og_url":"https:\/\/www.nargourmet.hu\/en\/product\/mezek-konyvek-torok-gasztro-irodalmi-este\/","og_site_name":"Nar Gourmet","article_modified_time":"2026-04-30T13:26:39+00:00","og_image":[{"width":1080,"height":1350,"url":"https:\/\/www.nargourmet.hu\/wp-content\/uploads\/2026\/02\/Brown-and-White-Simple-Book-Club-Instagram-Post-1.jpg","type":"image\/jpeg"}],"twitter_card":"summary_large_image","schema":{"@context":"https:\/\/schema.org","@graph":[{"@type":"WebPage","@id":"https:\/\/www.nargourmet.hu\/product\/mezek-konyvek-torok-gasztro-irodalmi-este\/","url":"https:\/\/www.nargourmet.hu\/product\/mezek-konyvek-torok-gasztro-irodalmi-este\/","name":"Mez\u00e9k & k\u00f6nyvek \u2014 T\u00f6r\u00f6k gasztro-irodalmi este Vol.3 - Nar Gourmet","isPartOf":{"@id":"https:\/\/www.nargourmet.hu\/#website"},"primaryImageOfPage":{"@id":"https:\/\/www.nargourmet.hu\/product\/mezek-konyvek-torok-gasztro-irodalmi-este\/#primaryimage"},"image":{"@id":"https:\/\/www.nargourmet.hu\/product\/mezek-konyvek-torok-gasztro-irodalmi-este\/#primaryimage"},"thumbnailUrl":"https:\/\/www.nargourmet.hu\/wp-content\/uploads\/2026\/02\/Brown-and-White-Simple-Book-Club-Instagram-Post-1.jpg","datePublished":"2026-02-22T07:29:06+00:00","dateModified":"2026-04-30T13:26:39+00:00","breadcrumb":{"@id":"https:\/\/www.nargourmet.hu\/product\/mezek-konyvek-torok-gasztro-irodalmi-este\/#breadcrumb"},"inLanguage":"en-GB","potentialAction":[{"@type":"ReadAction","target":["https:\/\/www.nargourmet.hu\/product\/mezek-konyvek-torok-gasztro-irodalmi-este\/"]}]},{"@type":"ImageObject","inLanguage":"en-GB","@id":"https:\/\/www.nargourmet.hu\/product\/mezek-konyvek-torok-gasztro-irodalmi-este\/#primaryimage","url":"https:\/\/www.nargourmet.hu\/wp-content\/uploads\/2026\/02\/Brown-and-White-Simple-Book-Club-Instagram-Post-1.jpg","contentUrl":"https:\/\/www.nargourmet.hu\/wp-content\/uploads\/2026\/02\/Brown-and-White-Simple-Book-Club-Instagram-Post-1.jpg","width":1080,"height":1350},{"@type":"BreadcrumbList","@id":"https:\/\/www.nargourmet.hu\/product\/mezek-konyvek-torok-gasztro-irodalmi-este\/#breadcrumb","itemListElement":[{"@type":"ListItem","position":1,"name":"Home","item":"https:\/\/www.nargourmet.hu\/"},{"@type":"ListItem","position":2,"name":"Products","item":"https:\/\/www.nargourmet.hu\/en\/shop\/"},{"@type":"ListItem","position":3,"name":"Mez\u00e9k &#038; k\u00f6nyvek \u2014 T\u00f6r\u00f6k gasztro-irodalmi este Vol.3"}]},{"@type":"WebSite","@id":"https:\/\/www.nargourmet.hu\/#website","url":"https:\/\/www.nargourmet.hu\/","name":"Nar Gourmet","description":"T\u00f6r\u00f6k gasztron\u00f3mia","potentialAction":[{"@type":"SearchAction","target":{"@type":"EntryPoint","urlTemplate":"https:\/\/www.nargourmet.hu\/?s={search_term_string}"},"query-input":{"@type":"PropertyValueSpecification","valueRequired":true,"valueName":"search_term_string"}}],"inLanguage":"en-GB"}]}},"_links":{"self":[{"href":"https:\/\/www.nargourmet.hu\/en\/wp-json\/wp\/v2\/product\/3372","targetHints":{"allow":["GET"]}}],"collection":[{"href":"https:\/\/www.nargourmet.hu\/en\/wp-json\/wp\/v2\/product"}],"about":[{"href":"https:\/\/www.nargourmet.hu\/en\/wp-json\/wp\/v2\/types\/product"}],"wp:featuredmedia":[{"embeddable":true,"href":"https:\/\/www.nargourmet.hu\/en\/wp-json\/wp\/v2\/media\/3537"}],"wp:attachment":[{"href":"https:\/\/www.nargourmet.hu\/en\/wp-json\/wp\/v2\/media?parent=3372"}],"wp:term":[{"taxonomy":"product_brand","embeddable":true,"href":"https:\/\/www.nargourmet.hu\/en\/wp-json\/wp\/v2\/product_brand?post=3372"},{"taxonomy":"product_cat","embeddable":true,"href":"https:\/\/www.nargourmet.hu\/en\/wp-json\/wp\/v2\/product_cat?post=3372"},{"taxonomy":"product_tag","embeddable":true,"href":"https:\/\/www.nargourmet.hu\/en\/wp-json\/wp\/v2\/product_tag?post=3372"}],"curies":[{"name":"wp","href":"https:\/\/api.w.org\/{rel}","templated":true}]}}

Mezék &#038; könyvek — Török gasztro-irodalmi este Vol.3

<p>A Mezék &amp; Könyvek eseményen az irodalom és gasztronómia találkozik: az est során a Elif Shafak: Folyók vannak az égben című könyvében szereplő ételekből összeállított menü vár majd, miközben Nagy Marietta és Sipos Kata műfordítókkal beszélgetek a könyvről és jelenlegi délkelet-törökországi régió multikulturális gasztronómiai örökségéről.</p>
<p>Időpont: 2026.05.21., 18:00</p>
<p>Helyszín: Mad Dog Hangár</p>
<p>Bővebb információ: <a href="https://www.facebook.com/events/966246982595938">www.facebook.com/nargourmet.hu/events</a></p>

<!-- This site is optimized with the Yoast SEO plugin v27.5 - https://yoast.com/product/yoast-seo-wordpress/ -->
<title>Mezék &amp; könyvek — Török gasztro-irodalmi este Vol.3 - Nar Gourmet</title>
<meta name="robots" content="index, follow, max-snippet:-1, max-image-preview:large, max-video-preview:-1" />
<link rel="canonical" href="https://www.nargourmet.hu/en/product/mezek-konyvek-torok-gasztro-irodalmi-este/" />
<meta property="og:locale" content="en_GB" />
<meta property="og:type" content="article" />
<meta property="og:title" content="Mezék &amp; könyvek — Török gasztro-irodalmi este Vol.3 - Nar Gourmet" />
<meta property="og:description" content="A Mezék &amp; Könyvek eseményen az irodalom és gasztronómia találkozik: az est során a Elif Shafak: Folyók vannak az égben című könyvében szereplő ételekből összeállított menü vár majd, miközben Nagy Marietta és Sipos Kata műfordítókkal beszélgetek a könyvről és jelenlegi délkelet-törökországi régió multikulturális gasztronómiai örökségéről.  Időpont: 2026.05.21., 18:00  Helyszín: Mad Dog Hangár  Bővebb információ: www.facebook.com/nargourmet.hu/events" />
<meta property="og:url" content="https://www.nargourmet.hu/en/product/mezek-konyvek-torok-gasztro-irodalmi-este/" />
<meta property="og:site_name" content="Nar Gourmet" />
<meta property="article:modified_time" content="2026-04-30T13:26:39+00:00" />
<meta property="og:image" content="https://www.nargourmet.hu/wp-content/uploads/2026/02/Brown-and-White-Simple-Book-Club-Instagram-Post-1.jpg" />
	<meta property="og:image:width" content="1080" />
	<meta property="og:image:height" content="1350" />
	<meta property="og:image:type" content="image/jpeg" />
<meta name="twitter:card" content="summary_large_image" />
<script type="application/ld+json" class="yoast-schema-graph">{"@context":"https:\/\/schema.org","@graph":[{"@type":"WebPage","@id":"https:\/\/www.nargourmet.hu\/product\/mezek-konyvek-torok-gasztro-irodalmi-este\/","url":"https:\/\/www.nargourmet.hu\/product\/mezek-konyvek-torok-gasztro-irodalmi-este\/","name":"Mezék & könyvek — Török gasztro-irodalmi este Vol.3 - Nar Gourmet","isPartOf":{"@id":"https:\/\/www.nargourmet.hu\/#website"},"primaryImageOfPage":{"@id":"https:\/\/www.nargourmet.hu\/product\/mezek-konyvek-torok-gasztro-irodalmi-este\/#primaryimage"},"image":{"@id":"https:\/\/www.nargourmet.hu\/product\/mezek-konyvek-torok-gasztro-irodalmi-este\/#primaryimage"},"thumbnailUrl":"https:\/\/www.nargourmet.hu\/wp-content\/uploads\/2026\/02\/Brown-and-White-Simple-Book-Club-Instagram-Post-1.jpg","datePublished":"2026-02-22T07:29:06+00:00","dateModified":"2026-04-30T13:26:39+00:00","breadcrumb":{"@id":"https:\/\/www.nargourmet.hu\/product\/mezek-konyvek-torok-gasztro-irodalmi-este\/#breadcrumb"},"inLanguage":"en-GB","potentialAction":[{"@type":"ReadAction","target":["https:\/\/www.nargourmet.hu\/product\/mezek-konyvek-torok-gasztro-irodalmi-este\/"]}]},{"@type":"ImageObject","inLanguage":"en-GB","@id":"https:\/\/www.nargourmet.hu\/product\/mezek-konyvek-torok-gasztro-irodalmi-este\/#primaryimage","url":"https:\/\/www.nargourmet.hu\/wp-content\/uploads\/2026\/02\/Brown-and-White-Simple-Book-Club-Instagram-Post-1.jpg","contentUrl":"https:\/\/www.nargourmet.hu\/wp-content\/uploads\/2026\/02\/Brown-and-White-Simple-Book-Club-Instagram-Post-1.jpg","width":1080,"height":1350},{"@type":"BreadcrumbList","@id":"https:\/\/www.nargourmet.hu\/product\/mezek-konyvek-torok-gasztro-irodalmi-este\/#breadcrumb","itemListElement":[{"@type":"ListItem","position":1,"name":"Home","item":"https:\/\/www.nargourmet.hu\/"},{"@type":"ListItem","position":2,"name":"Products","item":"https:\/\/www.nargourmet.hu\/en\/shop\/"},{"@type":"ListItem","position":3,"name":"Mezék &#038; könyvek — Török gasztro-irodalmi este Vol.3"}]},{"@type":"WebSite","@id":"https:\/\/www.nargourmet.hu\/#website","url":"https:\/\/www.nargourmet.hu\/","name":"Nar Gourmet","description":"Török gasztronómia","potentialAction":[{"@type":"SearchAction","target":{"@type":"EntryPoint","urlTemplate":"https:\/\/www.nargourmet.hu\/?s={search_term_string}"},"query-input":{"@type":"PropertyValueSpecification","valueRequired":true,"valueName":"search_term_string"}}],"inLanguage":"en-GB"}]}</script>
<!-- / Yoast SEO plugin. -->

Mezék & könyvek — Török gasztro-irodalmi este Vol.3 - Nar Gourmet

A Mezék &amp; Könyvek eseményen az irodalom és gasztronómia találkozik: az est során a Elif Shafak: Folyók vannak az égben című könyvében szereplő ételekből összeállított menü vár majd, miközben Nagy Marietta és Sipos Kata műfordítókkal beszélgetek a könyvről és jelenlegi délkelet-törökországi régió multikulturális gasztronómiai örökségéről.  Időpont: 2026.05.21., 18:00  Helyszín: Mad Dog Hangár  Bővebb információ: www.facebook.com/nargourmet.hu/events

Török gasztronómia
